{"id":563,"date":"2026-04-15T12:19:33","date_gmt":"2026-04-15T12:19:33","guid":{"rendered":"https:\/\/youcandoit.ch\/?page_id=563"},"modified":"2026-04-15T12:23:23","modified_gmt":"2026-04-15T12:23:23","slug":"563-2","status":"publish","type":"page","link":"https:\/\/youcandoit.ch\/?page_id=563","title":{"rendered":"Impressum"},"content":{"rendered":"\n<p class=\"has-small-font-size\">Impressum<\/p>\n\n\n\n<p class=\"has-small-font-size\">Angaben gem\u00e4ss Art. 3 Abs. 1 lit. s UWG<\/p>\n\n\n\n<p class=\"has-small-font-size\">Name:<br>Nina Hagedorn<\/p>\n\n\n\n<p class=\"has-small-font-size\">Adresse:<br>Bollwerk 2<br>8193 Eglisau<br>Schweiz<\/p>\n\n\n\n<p class=\"has-small-font-size\">E-Mail:<br>info@youcandoit.ch<\/p>\n\n\n\n<p class=\"has-small-font-size\">Haftungsausschluss:<br>Die Inhalte unserer Seiten wurden mit gr\u00f6sster Sorgfalt erstellt. F\u00fcr die Richtigkeit, Vollst\u00e4ndigkeit und Aktualit\u00e4t der Inhalte k\u00f6nnen wir jedoch keine Gew\u00e4hr \u00fcbernehmen.<\/p>\n\n\n\n<p class=\"has-small-font-size\">Urheberrechte:<br>Die durch die Seitenbetreiberin erstellten Inhalte und Werke auf diesen Seiten unterliegen dem Urheberrecht.<\/p>\n\n\n\n<p><\/p>\n","protected":false},"excerpt":{"rendered":"<p>Impressum Angaben gem\u00e4ss Art. 3 Abs. 1 lit. s UWG Name:Nina Hagedorn Adresse:Bollwerk 28193 EglisauSchweiz E-Mail:info@youcandoit.ch Haftungsausschluss:Die Inhalte unserer Seiten wurden mit gr\u00f6sster Sorgfalt erstellt. F\u00fcr die Richtigkeit, Vollst\u00e4ndigkeit und Aktualit\u00e4t der Inhalte k\u00f6nnen wir jedoch keine Gew\u00e4hr \u00fcbernehmen. Urheberrechte:Die durch die Seitenbetreiberin erstellten Inhalte und Werke auf diesen Seiten unterliegen dem Urheberrecht.<\/p>\n","protected":false},"author":1,"featured_media":0,"parent":0,"menu_order":0,"comment_status":"closed","ping_status":"closed","template":"","meta":{"_kad_post_transparent":"","_kad_post_title":"","_kad_post_layout":"","_kad_post_sidebar_id":"","_kad_post_content_style":"","_kad_post_vertical_padding":"","_kad_post_feature":"","_kad_post_feature_position":"","_kad_post_header":false,"_kad_post_footer":false,"_kad_post_classname":"","footnotes":""},"class_list":["post-563","page","type-page","status-publish","hentry"],"_links":{"self":[{"href":"https:\/\/youcandoit.ch\/index.php?rest_route=\/wp\/v2\/pages\/563","targetHints":{"allow":["GET"]}}],"collection":[{"href":"https:\/\/youcandoit.ch\/index.php?rest_route=\/wp\/v2\/pages"}],"about":[{"href":"https:\/\/youcandoit.ch\/index.php?rest_route=\/wp\/v2\/types\/page"}],"author":[{"embeddable":true,"href":"https:\/\/youcandoit.ch\/index.php?rest_route=\/wp\/v2\/users\/1"}],"replies":[{"embeddable":true,"href":"https:\/\/youcandoit.ch\/index.php?rest_route=%2Fwp%2Fv2%2Fcomments&post=563"}],"version-history":[{"count":2,"href":"https:\/\/youcandoit.ch\/index.php?rest_route=\/wp\/v2\/pages\/563\/revisions"}],"predecessor-version":[{"id":568,"href":"https:\/\/youcandoit.ch\/index.php?rest_route=\/wp\/v2\/pages\/563\/revisions\/568"}],"wp:attachment":[{"href":"https:\/\/youcandoit.ch\/index.php?rest_route=%2Fwp%2Fv2%2Fmedia&parent=563"}],"curies":[{"name":"wp","href":"https:\/\/api.w.org\/{rel}","templated":true}]}}